2721109
What are the prime factors of 170598917?
239, 691, 1033
List the prime factors of 2719154.
2, 1063, 1279
What are the prime factors of 66579759?
3, 2465917
What are the prime factors of 162932494?
2, 53, 1537099
List the prime factors of 2458788380.
2, 5, 37, 3322687
What are the prime factors of 2774872467?
3, 23, 457, 29333
What are the prime factors of 210584419?
619, 340201
List the prime factors of 205860827.
89, 857, 2699
List the prime factors of 659601151.
11, 59963741
List the prime factors of 192061981.
192061981
What are the prime factors of 1625087488?
2, 131, 24229
What are the prime factors of 1517120337?
3, 505706779
List the prime factors of 1167342810.
2, 3, 5, 38911427
What are the prime factors of 511715014?
2, 41, 1699, 3673
What are the prime factors of 1443115319?
73, 19768703
List the prime factors of 215805007.
11, 61, 321617
List the prime factors of 73061833.
13, 251, 22391
What are the prime factors of 56919754?
2, 28459877
List the prime factors of 2502323420.
2, 5, 79, 1583749
What are the prime factors of 809406392?
2, 3697, 27367
What are the prime factors of 67561641?
3, 7, 223, 229
What are the prime factors of 123632540?
2, 5, 37, 167071
List the prime factors of 44116983.
3, 4901887
List the prime factors of 865517188.
2, 383, 564959
List the prime factors of 3546628.
2, 769, 1153
List the prime factors of 1381444930.
2, 5, 3607, 38299
What are the prime factors of 950869957?
1559, 609923
What are the prime factors of 2348311668?
2, 3, 195692639
List the prime factors of 557510740.
2, 5, 27875537
What are the prime factors of 811057928?
2, 101382241
What are the prime factors of 150514560?
2, 3, 5, 7, 3733
What are the prime factors of 492813935?
5, 17, 5797811
What are the prime factors of 9766260?
2, 3, 5, 7, 23, 337
What are the prime factors of 1070359104?
2, 3, 5574787
What are the prime factors of 36899443?
7, 109, 137, 353
List the prime factors of 81395857.
81395857
List the prime factors of 284979567.
3, 94993189
List the prime factors of 127265127.
3, 11, 3856519
List the prime factors of 759317261.
97, 107, 149, 491
List the prime factors of 3032473687.
71, 42710897
List the prime factors of 2700766004.
2, 31, 557, 39103
What are the prime factors of 212235013?
1061, 200033
What are the prime factors of 23291257?
11, 139, 15233
List the prime factors of 143750756.
2, 41, 876529
List the prime factors of 406249121.
241, 1685681
List the prime factors of 29607520.
2, 5, 211, 877
List the prime factors of 4762782777.
3, 181, 8771239
What are the prime factors of 53441428?
2, 13360357
List the prime factors of 1889161000.
2, 5, 151, 12511
List the prime factors of 2672812339.
181, 14766919
List the prime factors of 1787567880.
2, 3, 5, 7, 19, 31, 3613
What are the prime factors of 352524052?
2, 367, 240139
List the prime factors of 2188893.
3, 7, 104233
What are the prime factors of 92698140?
2, 3, 5, 991, 1559
List the prime factors of 121246424.
2, 13, 1165831
What are the prime factors of 116422040?
2, 5, 7, 59399
List the prime factors of 1668579505.
5, 23, 14509387
What are the prime factors of 1727465820?
2, 3, 5, 28791097
List the prime factors of 1024607824.
2, 479, 133691
What are the prime factors of 118417473?
3, 13157497
What are the prime factors of 1144802065?
5, 11, 20814583
What are the prime factors of 5722565086?
2, 7, 14723, 27763
What are the prime factors of 247306430?
2, 5, 7, 72101
What are the prime factors of 1808470653?
3, 11, 29, 31, 47, 1297
List the prime factors of 361361003.
41, 8813683
List the prime factors of 8883274.
2, 467, 9511
List the prime factors of 705415422.
2, 3, 233, 283, 1783
What are the prime factors of 913680915?
3, 5, 7, 8701723
List the prime factors of 145066921.
145066921
What are the prime factors of 429622766?
2, 1213, 177091
What are the prime factors of 131614277?
307, 577, 743
List the prime factors of 498296668.
2, 331, 373, 1009
What are the prime factors of 1091674184?
2, 19, 7182067
List the prime factors of 959472856.
2, 119934107
What are the prime factors of 1221590389?
19, 64294231
List the prime factors of 12742934.
2, 229, 27823
What are the prime factors of 970136048?
2, 7, 19, 71, 6421
What are the prime factors of 1351583704?
2, 739, 228617
List the prime factors of 31244021.
37, 844433
List the prime factors of 36679965.
3, 5, 7, 17, 20549
List the prime factors of 213235572.
2, 3, 11, 1615421
List the prime factors of 100673701.
100673701
List the prime factors of 1539939634.
2, 769969817
List the prime factors of 78371893.
257, 304949
What are the prime factors of 47335378?
2, 17, 79, 17623
What are the prime factors of 871752521?
871752521
List the prime factors of 1639766033.
47, 211, 165349
What are the prime factors of 251464237?
1997, 125921
List the prime factors of 7037491.
809, 8699
List the prime factors of 1985188.
2, 496297
List the prime factors of 975995186.
2, 487997593
List the prime factors of 196912069.
157, 1254217
What are the prime factors of 1542994095?
3, 5, 113, 397, 2293
What are the prime factors of 18024101?
18024101
What are the prime factors of 8813652?
2, 3, 734471
List the prime factors of 34491734.
2, 67, 257401
List the prime factors of 310074417.
3, 211, 269, 607
What are the prime factors of 30571825?
5, 157, 7789
List the prime factors of 116024427.
3, 4297201
List the prime factors of 3819059631.
3, 239, 591827
What are the prime factors of 19774037?
389, 50833
What are the prime factors of 4810105692?
2, 3, 7, 19087721
List the prime factors of 577748493.
3, 7, 9170611
What are the prime factors of 45884570?
2, 5, 4588457
List the prime factors of 375689096.
2, 46961137
List the prime factors of 32497166.
2, 13, 17, 73523
What are the prime factors of 27941691?
3, 9313897
List the prime factors of 3571211157.
3, 3917, 303907
List the prime factors of 97434438.
2, 3, 16239073
List the prime factors of 288853692.
2, 3, 41, 587101
List the prime factors of 844975826.
2, 13417, 31489
List the prime factors of 51129694.
2, 7, 11, 332011
What are the prime factors of 64101579?
3, 21367193
List the prime factors of 5142459915.
3, 5, 19, 6014573
What are the prime factors of 239971676?
2, 7, 1753, 4889
What are the prime factors of 5672220?
2, 3, 5, 17, 67, 83
What are the prime factors of 1651927482?
2, 3, 23, 109, 36607
List the prime factors of 4822617005.
5, 41, 719, 32719
What are the prime factors of 54556719?
3, 7, 2597939
What are the prime factors of 1336089935?
5, 9341, 28607
What are the prime factors of 10646057?
53, 200869
What are the prime factors of 161939494?
2, 80969747
List the prime factors of 1068072379.
11, 17, 149, 38333
What are the prime factors of 29648700?
2, 3, 5, 79, 139
What are the prime factors of 31978315?
5, 6395663
What are the prime factors of 276880288?
2, 137, 461
List the prime factors of 50585795.
5, 13, 17, 45779
List the prime factors of 1763706.
2, 3, 7, 857
List the prime factors of 21406540.
2, 5, 19, 56333
List the prime factors of 5003268.
2, 3, 293, 1423
What are the prime factors of 18464936?
2, 7, 257, 1283
What are the prime factors of 29622437?
13, 2278649
What are the prime factors of 362157171?
3, 17, 137, 3049
What are the prime factors of 25512764?
2, 379, 16829
List the prime factors of 35820658.
2, 17910329
List the prime factors of 327844549.
79, 4149931
List the prime factors of 1494130446.
2, 3, 41, 2024567
List the prime factors of 6057389359.
7, 123620191
List the prime factors of 19308714.
2, 3, 3218119
List the prime factors of 94249369.
67, 1406707
List the prime factors of 207349835.
5, 7, 11, 4451
List the prime factors of 223376439.
3, 11, 13, 520691
What are the prime factors of 29447695?
5, 5889539
List the prime factors of 1174368144.
2, 3, 24466003
What are the prime factors of 71269457?
7, 17, 598903
What are the prime factors of 9074251?
599, 15149
List the prime factors of 1286285605.
5, 11, 23387011
List the prime factors of 51452783.
5281, 9743
List the prime factors of 140203981.
17, 8247293
List the prime factors of 71781851.
71781851
List the prime factors of 313369868.
2, 7, 47, 227, 1049
What are the prime factors of 3040286?
2, 1520143
List the prime factors of 4613855507.
4613855507
List the prime factors